{"id":535,"date":"2018-05-23T22:43:50","date_gmt":"2018-05-23T22:43:50","guid":{"rendered":"http:\/\/bv-doelitz-online.de\/?page_id=535"},"modified":"2018-05-23T22:43:50","modified_gmt":"2018-05-23T22:43:50","slug":"datenschutzrichtlinie","status":"publish","type":"page","link":"https:\/\/bv-doelitz-online.de\/?page_id=535","title":{"rendered":"Datenschutzrichtlinie"},"content":{"rendered":"<p><strong>Richtlinie zur Datenschutz-Grundverordnung (DS-GVO) durch den B\u00fcrgerverein D\u00f6litz e. V<\/strong>.<\/p>\n<p>&nbsp; &nbsp; &nbsp;<\/p>\n<p><strong>1 Geltungsbereich&nbsp;<\/strong>&nbsp;<\/p>\n<p>Diese Richtlinie regelt die datenschutzkonforme Informationsverarbeitung und die entsprechenden Verantwortlichkeiten beim obengenannten Verein auf Basis der gesetzlichen Regelungen der Europ\u00e4ischen DatenschutzGrundverordnung (DS-GVO) und Bundesdatenschutzgesetz (BDSGneu). Der Vorstand des Vereins ist zur Einhaltung dieser Richtlinie verpflichtet.&nbsp;&nbsp;<\/p>\n<p>Hierbei gelten folgende Grunds\u00e4tze:&nbsp;<\/p>\n<p>&#8211; Wahrung der Pers\u00f6nlichkeitsrechte<\/p>\n<p>&#8211; Zweckbindung personenbezogener Daten<\/p>\n<p>&#8211; Transparenz<\/p>\n<p>&#8211; Datenvermeidung und Datensparsamkeit<\/p>\n<p>&#8211; Sachliche Richtigkeit\/ Aktualit\u00e4t der Daten<\/p>\n<p>&#8211; Vertraulichkeit bei der Datenverarbeitung<\/p>\n<p>&#8211; Sicherheit bei der Datenverarbeitung<\/p>\n<p>&#8211; L\u00f6schung und Einschr\u00e4nkung der Verarbeitung von Daten auf Anforderung&nbsp;&nbsp;<\/p>\n<p>&nbsp;<\/p>\n<p><strong>2 Begriffsdefinitionen (Art. 4 DS-GVO)&nbsp;<\/strong><\/p>\n<p>Personenbezogene Daten sind Einzelangaben \u00fcber pers\u00f6nliche oder sachliche Verh\u00e4ltnisse einer nat\u00fcrlichen Person (Betroffener). Beispiele: Name, Vorname, Geburtstag, Adressdaten, Vertragsdaten, E-Mail-Inhalte.&nbsp;<\/p>\n<p>&nbsp;<\/p>\n<p><strong>3 Erheben, Verarbeiten und Speichern personenbezogener Daten (Art.5 + 6 DS-GVO)&nbsp;<\/strong>&nbsp;<\/p>\n<p>Das Erheben, Verarbeiten und Speichern personenbezogener Daten in unserem Verein geschieht auf Basis unserer Satzung. Die Daten werden ausschlie\u00dflich zu den vereinbarten Zwecken der Mitgliederverwaltung verarbeitet. Die Daten ausgeschiedener&nbsp;Mitglieder werden gel\u00f6scht. Eine Daten\u00fcbermittlung an Au\u00dfenstehende findet nicht statt.&nbsp;<\/p>\n<p>&nbsp;<\/p>\n<p><strong>4 Verpflichtung auf Vertraulichkeit&nbsp;<\/strong>&nbsp;<\/p>\n<p>Der Vorstand des Vereins wird zur Verschwiegenheit und zur Einhaltung &nbsp;dieser Richtlinie verpflichtet.<\/p>\n<p>&nbsp;<\/p>\n<p><strong>5 Verarbeitungs\u00fcbersichten (Art. 30 DS-GVO)&nbsp;<\/strong>&nbsp;<\/p>\n<p>&nbsp;Mittels interner Verfahrens\u00fcbersichten (Verzeichnis der Verarbeitungst\u00e4tigkeiten) schaffen wir Transparenz innerhalb des Vereins. Es besteht die Verpflichtung, diese \u00dcbersichten vorzuhalten f\u00fcr eine Einsichtnahme durch die Beh\u00f6rden.&nbsp;&nbsp;<\/p>\n<p>&nbsp;<\/p>\n<p><strong>6 Technische und organisatorische Ma\u00dfnahmen&nbsp;<\/strong>&nbsp;<\/p>\n<p>Der Vorstand ergreifen alle m\u00f6glichen Ma\u00dfnahmen, die nach dem aktuellen Stand der Technik sowie organisatorisch dazu geeignet sind, Unbefugten keinen Zugriff auf die bei uns gespeicherten personenbezogenen Daten zu gew\u00e4hren.&nbsp;<\/p>\n<p>&nbsp;<\/p>\n<p><strong>7 Rechte von Betroffenen (Art. 12 -23 DS-GVO)&nbsp;<\/strong>&nbsp;<\/p>\n<ol>\n<li>Der Betroffene kann Auskunft dar\u00fcber verlangen, welche personenbezogenen Daten welcher Herkunft \u00fcber ihn zu welchem Zweck gespeichert sind&nbsp;<\/li>\n<li>Sollten personenbezogene Daten unrichtig oder unvollst\u00e4ndig sein, kann der Betroffene ihre Berichtigung oder Erg\u00e4nzung verlangen.&nbsp;&nbsp;<\/li>\n<li>Der Betroffene ist berechtigt, die L\u00f6schung seiner Daten zu verlangen, wenn die Rechtsgrundlage f\u00fcr die Verarbeitung der Daten fehlt oder weggefallen ist.&nbsp;<\/li>\n<li>Der Betroffene hat ein grunds\u00e4tzliches Widerspruchsrecht gegen die Verarbeitung seiner Daten mit Wirkung auf die Zukunft, das zu ber\u00fccksichtigen ist, wenn sein schutzw\u00fcrdiges Interesse aufgrund einer besonderen pers\u00f6nlichen Situation das Interesse an der Verarbeitung \u00fcberwiegt. Dies gilt nicht, wenn eine Rechtsvorschrift zur Durchf\u00fchrung der Verarbeitung verpflichtet.&nbsp;&nbsp;&nbsp;<\/li>\n<li>Der Betroffene hat das <strong>Beschwerderecht<\/strong>bei der Aufsichtsbeh\u00f6rde, in deren Bundesland der Verein seinen Sitz hat. F\u00fcr unseren Verein ist dies:&nbsp;&nbsp;<\/li>\n<\/ol>\n<p>S\u00e4chsischer Datenschutzbeauftragter<\/p>\n<p>Bernhard-von-Lindenau-Platz 1<\/p>\n<p>01067 Dresden<\/p>\n<p>&nbsp;<\/p>\n<p><strong>10 Verfahren bei \u201eDatenpannen\u201c (Art. 33 DS-GVO)&nbsp;<\/strong>&nbsp;<\/p>\n<p>Jedes Mitglied des BV D\u00f6litz ist berechtigt, dem Vorstand unverz\u00fcglich F\u00e4lle von Verst\u00f6\u00dfen gegen diese Datenschutzrichtlinie oder andere Vorschriften zum Schutz personenbezogener Daten (Datenschutzvorf\u00e4lle) wie unrechtm\u00e4\u00dfige \u00dcbermittlung personenbezogener Daten an Dritte, unrechtm\u00e4\u00dfiger Zugriff durch Dritte auf personenbezogene Daten oder Verlust personenbezogener Daten zu&nbsp;melden. Der Vorstand hat diese Missst\u00e4nde unverz\u00fcglich abzustellen und die Situation auszuwerten.<\/p>\n<p>&nbsp;<\/p>\n<p>&nbsp; Leipzig, am 21. 05. 2018&nbsp; &nbsp; &nbsp; &nbsp; &nbsp; &nbsp; &nbsp; &nbsp; &nbsp; &nbsp; &nbsp; &nbsp; &nbsp; &nbsp; &nbsp; &nbsp; &nbsp; &nbsp; &nbsp; &nbsp; &nbsp;&nbsp;<\/p>\n","protected":false},"excerpt":{"rendered":"<p>Richtlinie zur Datenschutz-Grundverordnung (DS-GVO) durch den B\u00fcrgerverein D\u00f6litz e. V. &nbsp; &nbsp; &nbsp; 1 Geltungsbereich&nbsp;&nbsp; Diese Richtlinie regelt die datenschutzkonforme Informationsverarbeitung und die entsprechenden Verantwortlichkeiten beim obengenannten Verein auf Basis der gesetzlichen Regelungen der Europ\u00e4ischen DatenschutzGrundverordnung (DS-GVO) und Bundesdatenschutzgesetz (BDSGneu). Der Vorstand des Vereins ist zur Einhaltung dieser Richtlinie verpflichtet.&nbsp;&nbsp; Hierbei gelten folgende Grunds\u00e4tze:&nbsp; &#8211;<\/p>\n<div class=\"more-link\">\n\t\t\t\t <a href=\"https:\/\/bv-doelitz-online.de\/?page_id=535\" class=\"link-btn theme-btn\"><span>Weiterlesen <\/span> <i class=\"fa fa-caret-right\"><\/i><\/a>\n\t\t\t<\/div>\n","protected":false},"author":1,"featured_media":0,"parent":0,"menu_order":0,"comment_status":"closed","ping_status":"closed","template":"","meta":{"footnotes":""},"class_list":["post-535","page","type-page","status-publish","hentry"],"_links":{"self":[{"href":"https:\/\/bv-doelitz-online.de\/index.php?rest_route=\/wp\/v2\/pages\/535","targetHints":{"allow":["GET"]}}],"collection":[{"href":"https:\/\/bv-doelitz-online.de\/index.php?rest_route=\/wp\/v2\/pages"}],"about":[{"href":"https:\/\/bv-doelitz-online.de\/index.php?rest_route=\/wp\/v2\/types\/page"}],"author":[{"embeddable":true,"href":"https:\/\/bv-doelitz-online.de\/index.php?rest_route=\/wp\/v2\/users\/1"}],"replies":[{"embeddable":true,"href":"https:\/\/bv-doelitz-online.de\/index.php?rest_route=%2Fwp%2Fv2%2Fcomments&post=535"}],"version-history":[{"count":2,"href":"https:\/\/bv-doelitz-online.de\/index.php?rest_route=\/wp\/v2\/pages\/535\/revisions"}],"predecessor-version":[{"id":537,"href":"https:\/\/bv-doelitz-online.de\/index.php?rest_route=\/wp\/v2\/pages\/535\/revisions\/537"}],"wp:attachment":[{"href":"https:\/\/bv-doelitz-online.de\/index.php?rest_route=%2Fwp%2Fv2%2Fmedia&parent=535"}],"curies":[{"name":"wp","href":"https:\/\/api.w.org\/{rel}","templated":true}]}}